the value of -3 + -6 + (-13 - (21 - 22 - 25))?
4
What is 14 + (21 + 9 + -11 + -6 - 10)?
17
What is the value of 17 + -21 - 14 - -22 - 48?
-44
Evaluate 85 + (-166 - -79) - (29 + (4 - (-1 - -2))).
-34
3 + (22 - 38) + -17 + -46 + -8
-84
Calculate (-54 - (-52 + 3)) + -18.
-23
-5 - 43 - -26 - -38
16
What is the value of -7 + 16 + -7 - ((-9 - -7 - -6) + 47)?
-49
What is the value of -84 + (-14 - (-32 + 10 - -18 - 7))?
-87
What is the value of (-15 + 2 - (3 + -7)) + (12 - -5) + 113?
121
What is -11 + 40 + 73 + -91?
11
Evaluate 7 - (-12 - -6) - (3 - (6 - -38)).
54
(-2 - -19) + (0 - 73) + 15 + 0
-41
What is 36 + -41 - (-1 - (4 + -5) - -2)?
-7
Calculate -15 + 5 + 90 - (6 - (5 - -1)) - 2.
78
What is (-20 - -9) + (1 - 4) - (-158 + 101)?
43
(1 - -8) + (-22 + (20 - -20) + -9 - -22)
40
What is -56 - (9 + 6 + -15 + (19 - 2))?
-73
What is (124 - 138) + 3 + (-2 - -17) - (119 - -1)?
-116
163 + -4 - (7 - (-20 + (-10 + 5 - -19)))
146
What is the value of (57 - -2 - (-81 + 90)) + 31?
81
What is (10 - (-4 + 12)) + 5 - (62 - (-5 - -18))?
-42
What is 13 - (-39 - (-39 + 47 + 1 + -12))?
49
What is the value of -103 - -101 - (-35 - (-6 - -5))?
32
What is the value of -3 - 6 - (16 + (37 - -20 - (-10 + 9)))?
-83
What is the value of 15 + -29 - (19 + -45) - (-2 + 48)?
-34
What is (-65 - -39) + (9 - (-5 - 0)) - -35?
23
Calculate (2 - -13) + (-104 - -78) + (0 - 0 - 51).
-62
-39 + (106 + -65 - (-17 + -22))
41
-14 + ((-7 - (17 - 19)) + 13 - 15)
-21
What is the value of (189 - 59 - 29) + -64?
37
Calculate (369 - 409) + (-23 - -10 - (-6 - -1)).
-48
Calculate (-15 + -3 + 32 - 86) + (51 - 72).
-93
(-46 + 64 - 30) + (0 + -2 - 19)
-33
Evaluate 86 + -16 + (14 - (-9 + (16 - 2) + 7)).
72
(-66 - (-31 + -60) - (-22 + -1)) + 13 + -1
60
0 + -5 - ((-18 - (25 + 27 + -26)) + -5)
44
Evaluate (-1 - 0 - (-13 - (42 + -40))) + 1.
15
What is the value of -15 - (114 + -11 + -2 + 23 - -1)?
-140
Evaluate -11 + (13 - -7 - 5) + -16 + -1 + -4.
-17
What is the value of (-21 - -9) + (20 - (23 - 2)) + (9 - 5)?
-9
What is the value of -114 + 128 - (7 + -3 + 4)?
6
Calculate (1 - 45) + (16 - -3).
-25
What is the value of -23 + 1 + (-54 + -35 + 73 - (-1 + -12))?
-25
What is the value of -266 + -47 + (-38 - -235)?
-116
(6 - 41) + (6 + 0 - -7 - (-10 - -19))
-31
Calculate 2 + 9 + -23 + -5 + (-5 - 0) + -5.
-27
(-7 - 74) + (12 - (21 - 27)) + (1 - -10)
-52
Evaluate 209 + -311 - (-65 - -7).
-44
What is (17 - (-8 + -15)) + (-3 - (1 - 2)) + -5?
33
(-16 - -4) + 2 - (0 + 3) - (-2155 - -2073)
69
Calculate (-25 - -103) + -18 - -11.
71
911 - 896 - ((-1 - (-6 - -5)) + 26)
-11
Evaluate 11 - ((8 + (-2 - -4) - 10) + 10) - -9.
10
Calculate -35 - (20 + (-8 - 1 - -14)).
-60
Evaluate -43 - ((6 + 13 - (2 - -33)) + 10 + 0).
-37
What is the value of (-88 - -63) + 15 + -38?
-48
What is -24 + 12 + -67 - -30?
-49
-9 + 30 + -10 - (-163 + 232)
-58
What is (77 - 114) + (8 - -65) - -14?
50
What is -57 - (14 + (-46 - 6))?
-19
What is the value of 28 + 83 + -50 + -24?
37
(-284 - -269) + -2 + (-2 - -6) + (22 - 19)
-10
What is (2 - -15) + -31 + 23 + (-4 - -3)?
8
Evaluate 83 + -113 + -14 + 3.
-41
Evaluate 1 - -2 - (-4 - (-25 - -7)) - -28.
17
Evaluate 0 + -19 + 16 + 8 + -27.
-22
96 - (3 + 12 + -1 + -18)
100
What is 8 - (3 + (-1 - (5 + 4)) + 11)?
4
What is -96 + (-18 + 91 - -37)?
14
-2 - 2 - (-12 + (83 - 54) - (5 - 0))
-16
What is -32 + 36 + 113 + -3 + 17 + (0 - 2)?
129
(-8 - 80) + 0 + 66
-22
What is the value of -39 - (37 + (-10 - -34)) - -7?
-93
What is 34 + (3 + -7 - (-192 + 306))?
-84
Calculate -59 - (-47 + 35 + 11).
-58
Evaluate 14 + -12 - (2 + -6 + (-6 - 59)).
71
Evaluate -103 - (39 + -23 - 45).
-74
Calculate -3 + 4 + -19 + (-47 - -38).
-27
(26 - 22) + -17 - 5
-18
What is the value of (1 + -47 + 11 - -20) + 41?
26
What is the value of 1944 + -1940 + 8 + 7 + -5?
14
Evaluate 34 + (0 - (101 - 24 - 23)).
-20
Evaluate 885 - 797 - (4 - (-3 - -1)).
82
78 - 63 - (-85 - -13) - (0 - 14)
101
(-117 + 5 - -140) + -92
-64
What is (11 + (-15 - -4) + 0 - -109) + -20?
89
Evaluate -34 + -2 + 8 - (17 - (46 - 22)).
-21
What is -31 - (4 + (-59 - -84))?
-60
Evaluate (-3 - 10 - (-6 + -4)) + -55.
-58
(-14 + -19 + 12 - -11) + 23
13
Calculate (-4 - (10 + 21)) + 22.
-13
Calculate -3 + 52 - (133 + -87).
3
Evaluate 31 + -22 - (-37 + 5 - -120).
-79
Calculate 1 + -12 + (211 - 176).
24
-50 - -49 - -51 - ((1 - -13) + -2)
38
What is the value of -143 - ((-21 - -80) + -138)?
-64
Calculate 89 + (68 - 75 - (-2 - (-6 + 2))).
80
Evaluate -148 + -67 + 91 + 49.
-75
Evaluate 515 + -462 + 2 + 11 + -18.
48
What is the value of -19 - (-35 + (12 + -6 - 7))?
17
What is the value of 3 + -2 + 20 - (-71 + 24 + 37)?
31
-4 + 99 + -11 + -53
31
What is the value of 115 + -16 + -92 - -27?
34
Evaluate -5 - -133 - 10 - (-138 + 170).
86
-58 - ((54 - 120) + 29)
-21
What is 41 + (1 - 3) + (-132 - (152 - 271))?
26
Calculate (-48 + -28 - -34) + 1 + 1 + 16.
-24
Calculate (-733 - -829 - (3 + 5)) + (-4 - (2 - 1)).
83
(-76 - (-65 - 74)) + 25
88
What is 54 + 5 + (-8 + 38 - 3)?
86
(2 - 19) + (-4342 - -4410)
51
What is the value of -2 + -4 + (35 + -62 - (-11 - 2))?
-20
Evaluate -4 - -36 - 37 - 8.
-13
What is 12 + (1 + 0 - 1) + 122 + -159?
-25
Calculate (-230 - -100) + 49 + 189.
108
Evaluate -17 - ((-3 - -16) + -12 + -42) - -74.
98
Evaluate 15 + (2 - -12) + -29 + 7.
7
-36 + (16 + -35 - -74)
19
Evaluate -10 - -118 - (141 - 98).
65
What is -32 + -35 + -4 + 6 + -4?
-69
(-1 - -5 - 1) + (-49 - -93) + -39 + 14
22
Evaluate 135 - ((173 - 35) + -12).
9
Evaluate -5 + 9 + -4 - (-593 - -581).
12
Calculate (0 - 2) + (-9 - (23 - 36) - (-22 + -2)).
26
What is -11 + 69 + -56 + -75?
-73
Calculate 1 + (0 - (1 - 6)) - (79 + -87 - -16).
-2
Calculate (-25 - (-27 - -14)) + (-4 - -4) + (49 - 1).
36
(-2 + 2 - (-23 + (-1 - 24))) + -8
40
55 - (43 + -16 - 38 - (1 - 14))
53
Evaluate 22 - (32 - 33) - (-5 + 34).
-6
Calculate 105 + -146 + (87 - 24).
22
Evaluate -2 + (-16 + 11 - (19 + -12 - (2 + 91))).
79
-17 + (4 - 5 - -5) + (-470 - -489)
6
What is -113 + (-111 - -238) + -3 + -39?
-28
-7 - -3 - -88 - ((16 + -3 - 3) + -10)
84
What is 0 + 6 + (27 - (64 - 50))?
19
19 - (8 + (5 - 10) + (118 - 122))
20
-12 + (134 + -195 - 54)
-127
Evaluate -15 + 5 + (-1 + 9 - (-202 - -214)).
-14
Evaluate 4 - (-16 - (4 + -6)) - (2 - -5 - 14).
25
Evaluate -32 - 0 - (-866 + 803).
31
Evaluate -57 - (-63 + 65 + (7 + -2 - 3)).
-61
What is (-18 - (21 - -61)) + (57 - 33)?
-76
What is 52 - (-10 + -26 - -65)?
23
What is the value of -407 + 342 - (-13 + -7)?
-45
What is (14 - (-11 - (-25 - 1))) + 3?
2
Evaluate -52 - (13 + 135 + -103).
-97
What is -44 + -30 + 17 + (21 - 2)?
-38
Calculate 1 + 26 - (-947 + 1054).
-80
What is -9 + -22 + -29 + 36?
-24
Calculate -79 + 46 + 43 - (1 + 1).
8
What is the value of -35 - ((-28 - 13) + -14)?
20
What is -19 + (0 + 1 - (-96 + 24 - -15))?
39
What is the value of -40 - (28 - 68) - (2 - ((0 - 2) + 2))?
-2
Evaluate -35 - (-73 - (45 + -77)).
6
What is the value of 49 - (46 + -27) - 2 - 92?
-64
Calculate (-5 + 1 - 13) + (-109 - (-73 - 0)).
-53
(1 - -11) + -4 - (-40 + 72)
-24
What is the value of (-47 - -1) + (-3733 - -3767)?
-12
-32 + 56 + -14 + -7 + -13
-10
Calculate -81 + -42 - -131 - -106.
114
Calculate 100 - (-43 - (-105 - -50)).
88
Calculate 6 - (-28 + (60 - 13)) - 92.
-105
10 + 61 - (-375 - -471)
-25
What is the value of -22 - -73 - (-78 + 83)?
46
What is -154 - -124 - (36 + -130)?
64
What is 1 + -8 + 28 + 4 + -21 + -4 + 9?
9
What is the value of -6 - (-100 - (19 + (0 - -1)))?
114
What is the value of 72 + -45 + -12 + 6 + 37?
58
What is the value of 110 + 32 + -292 + 71?
-79
Evaluate (48 - (-8 - (5 + -33))) + 7.
35
What is -1 + 8 - (3 + -8 + 4 + 38)?
-30
-5 - (-5 + -6 + 0) - (14 - 15)
7
-302 + 253 + (14 - 13) + -1 + -1
-50
What is the value of 101 + (64 - (67 - 6)) + (0 - 12)?
92
What is 10 - (-52 + 44 + -27 - 82)?
127
Calculate 2 + 13 - (-3 + (-14 - 14) + 25).
21
What is (99 - (-23 + 37 + -8) - 7) + 10?
96
Evaluate -25 - ((-19 - 32) + 23).
3
Calculate 119 + (-15 - -61) + -117.
48
-19 + (64 - (-11 + 11) - 20)
25
Calculate 18 + (88 - 63) + -84.
-41
What is 41 + (22 - 36) + -18 - 30?
-21
Evaluate 11110 - 11082 - (-41 + 0).
69
Evaluate (-12 - (-4 + 6) - -1 - (91 + -13)) + -3.
-94
Evaluate (-162 - -155) + -15 + 89.
67
What is the value of (688 - 722) + 1 + 13 + 4?
-16
What is the value of (-24 + 5 - 2 - -121) + 17?
117
What is the value of